{"id":6190,"date":"2017-12-28T13:43:53","date_gmt":"2017-12-28T13:43:53","guid":{"rendered":"https:\/\/sp7oswiecim.edu.pl\/?page_id=6190"},"modified":"2025-09-23T11:13:27","modified_gmt":"2025-09-23T11:13:27","slug":"rada-rodzicow","status":"publish","type":"page","link":"https:\/\/sp7oswiecim.edu.pl\/?page_id=6190","title":{"rendered":"Rada Rodzic\u00f3w"},"content":{"rendered":"<h5 style=\"text-align: center;\"><span style=\"color: #003300;\">Witamy serdecznie na stronie internetowej Rady Rodzic\u00f3w <\/span><br \/>\n<span style=\"color: #003300;\"> Szko\u0142y Podstawowej nr 7 im. Zofii Kossak w O\u015bwi\u0119cimiu<\/span><\/h5>\n<h6><\/h6>\n<h3 style=\"text-align: center;\"><span style=\"color: #003366;\"><strong><br \/>\nSk\u0142ad Rady Rodzic\u00f3w<\/strong><br \/>\n<strong>na rok szkolny 2025\/2026<\/strong><\/span><\/h3>\n<h3 style=\"text-align: left;\"><span style=\"color: #003366;\">p. Stefan Janusik- Przewodnicz\u0105cy Rady Rodzic\u00f3w<br \/>\np. Adam Wilczy\u0144ski- Zast\u0119pca Przewodnicz\u0105cego<\/span> <span style=\"color: #003366;\">Rady<br \/>\np. Natalia Cie\u015blak- Skarbnik<br \/>\np. Magdalena Dzi\u0119dziel- Sekretarz<\/span><\/h3>\n<p style=\"text-align: center;\"><img loading=\"lazy\" decoding=\"async\" class=\"alignnone size-medium wp-image-9130\" src=\"https:\/\/sp7oswiecim.edu.pl\/wp-content\/uploads\/2017\/12\/RR1-300x210.jpg\" alt=\"\" width=\"300\" height=\"210\" srcset=\"https:\/\/sp7oswiecim.edu.pl\/wp-content\/uploads\/2017\/12\/RR1-300x210.jpg 300w, https:\/\/sp7oswiecim.edu.pl\/wp-content\/uploads\/2017\/12\/RR1.jpg 633w\" sizes=\"auto, (max-width: 300px) 100vw, 300px\" \/><\/p>\n<h3 style=\"text-align: center;\"><strong>Sk\u0142adka na Rad\u0119 Rodzic\u00f3w (komitet rodzicielski):<\/strong><br \/>\n<strong>40 z\u0142.<br \/>\nWp\u0142at prosimy dokonywa\u0107 na konto:<br \/>\nBank Pekao SA<br \/>\nnr konta &#8211; 34 1240 4155 1111 0010 9373 8029<br \/>\n<\/strong><\/h3>\n<p style=\"text-align: center;\">Bardzo prosimy o wsparcie inicjatyw podejmowanych przez Rad\u0119 Rodzic\u00f3w naszej szko\u0142y.<\/p>\n<p style=\"text-align: center;\"><strong>Regulamin Rady Rodzic\u00f3w Szko\u0142y Podstawowej nr 7 im. Zofii Kossak w O\u015bwi\u0119cimiu.<br \/>\n<\/strong>Zapraszamy do zapoznania si\u0119 z jego tre\u015bci\u0105: <a href=\"https:\/\/sp7oswiecim.edu.pl\/wp-content\/uploads\/2017\/12\/Regulamin-RR-SP7.pdf\">Regulamin RR SP7<\/a><\/p>\n<p style=\"text-align: center;\"><span style=\"color: #ff0000;\"><strong>Jeste\u015bmy tak\u017ce na Facebooku:<\/strong><\/span><br \/>\n<strong><a href=\"https:\/\/www.facebook.com\/Rada-Rodzic%C3%B3w-przy-SP7-w-O%C5%9Bwi%C4%99cimiu-101047052347618\/\">https:\/\/www.facebook.com\/Rada-Rodzic%C3%B3w-przy-SP7-w-O%C5%9Bwi%C4%99cimiu-101047052347618\/<\/a><\/strong><\/p>\n<p>&nbsp;<\/p>\n<p>&nbsp;<\/p>\n<p>&nbsp;<\/p>\n<hr \/>\n","protected":false},"excerpt":{"rendered":"<p>Witamy serdecznie na stronie internetowej Rady Rodzic\u00f3w Szko\u0142y Podstawowej nr 7 im. Zofii Kossak w O\u015bwi\u0119cimiu Sk\u0142ad Rady Rodzic\u00f3w na rok szkolny 2025\/2026 p. Stefan Janusik- Przewodnicz\u0105cy Rady Rodzic\u00f3w p. Adam Wilczy\u0144ski- Zast\u0119pca Przewodnicz\u0105cego Rady p. Natalia Cie\u015blak- Skarbnik p. Magdalena Dzi\u0119dziel- Sekretarz Sk\u0142adka na Rad\u0119 Rodzic\u00f3w (komitet rodzicielski): 40&#8230;<\/p>\n<p class=\"continue-reading-button\"> <a class=\"continue-reading-link\" href=\"https:\/\/sp7oswiecim.edu.pl\/?page_id=6190\">Czytaj dalej<i class=\"crycon-right-dir\"><\/i><\/a><\/p>\n","protected":false},"author":1,"featured_media":0,"parent":0,"menu_order":0,"comment_status":"closed","ping_status":"closed","template":"","meta":{"footnotes":""},"class_list":["post-6190","page","type-page","status-publish","hentry"],"_links":{"self":[{"href":"https:\/\/sp7oswiecim.edu.pl\/index.php?rest_route=\/wp\/v2\/pages\/6190","targetHints":{"allow":["GET"]}}],"collection":[{"href":"https:\/\/sp7oswiecim.edu.pl\/index.php?rest_route=\/wp\/v2\/pages"}],"about":[{"href":"https:\/\/sp7oswiecim.edu.pl\/index.php?rest_route=\/wp\/v2\/types\/page"}],"author":[{"embeddable":true,"href":"https:\/\/sp7oswiecim.edu.pl\/index.php?rest_route=\/wp\/v2\/users\/1"}],"replies":[{"embeddable":true,"href":"https:\/\/sp7oswiecim.edu.pl\/index.php?rest_route=%2Fwp%2Fv2%2Fcomments&post=6190"}],"version-history":[{"count":38,"href":"https:\/\/sp7oswiecim.edu.pl\/index.php?rest_route=\/wp\/v2\/pages\/6190\/revisions"}],"predecessor-version":[{"id":22810,"href":"https:\/\/sp7oswiecim.edu.pl\/index.php?rest_route=\/wp\/v2\/pages\/6190\/revisions\/22810"}],"wp:attachment":[{"href":"https:\/\/sp7oswiecim.edu.pl\/index.php?rest_route=%2Fwp%2Fv2%2Fmedia&parent=6190"}],"curies":[{"name":"wp","href":"https:\/\/api.w.org\/{rel}","templated":true}]}}