{"id":3594,"date":"2015-11-25T12:49:18","date_gmt":"2015-11-25T11:49:18","guid":{"rendered":"https:\/\/sp7oswiecim.edu.pl\/?page_id=3594"},"modified":"2015-11-25T12:49:18","modified_gmt":"2015-11-25T11:49:18","slug":"problem-samookaleczen-wsrod-dzieci-i-mlodziezy","status":"publish","type":"page","link":"https:\/\/sp7oswiecim.edu.pl\/?page_id=3594","title":{"rendered":"PROBLEM SAMOOKALECZE\u0143 W\u015aR\u00d3D DZIECI I M\u0141ODZIE\u017bY"},"content":{"rendered":"<p style=\"text-align: justify;\">Trudno szuka\u0107 oficjalnych danych, ilu uczni\u00f3w dokonuje samookalecze\u0144. Szpitalne oddzia\u0142y psychiatryczne ich nie maj\u0105, bo trafiaj\u0105 do nich dzieci po pr\u00f3bach samob\u00f3jczych, a\u00a0nie te z p\u0142ytkimi ranami na ciele. Okaleczanie siebie nie jest nowym problemem, istnieje od dwudziestu lat. Psychologowie alarmuj\u0105, \u017ce w ostatnich latach przybiera na sile. W takim samym stopniu mo\u017ce dotkn\u0105\u0107 nastolatka pochodz\u0105cego z rodziny ogarni\u0119tej problemami, jak dziecko, kt\u00f3re ma wiele kole\u017canek, dobre wyniki w szkole i jednocze\u015bnie wychowuje si\u0119 w rodzinie pe\u0142nej mi\u0142o\u015b\u0107, szacunku. Z informacji Instytutu Psychologii Zdrowia Polskiego Towarzystwa Psychiatrii dowiadujemy si\u0119, \u017ce dzieci (dziewczynki zdecydowanie cz\u0119\u015bciej ni\u017c ch\u0142opcy) nacinaj\u0105 cia\u0142o ro\u017cnymi narz\u0119dziami: no\u017cem, \u017cyletk\u0105, k\u0142uj\u0105 ig\u0142\u0105, no\u017cyczkami pinezk\u0105. Kalecz\u0105 sobie przedramiona, golenie, uda, okolice \u017ceber. Ka\u017cde kolejne targni\u0119cie si\u0119 na swoje zdrowie, wyrz\u0105dzenie sobie krzywdy przynosi ulg\u0119, roz\u0142adowuje skumulowane i\u00a0niezwykle silne emocjonalne napi\u0119cie. Najcz\u0119\u015bciej nie czuj\u0105 wtedy b\u00f3lu, poniewa\u017c w\u00a0trakcie tej czynno\u015bci we krwi pojawia si\u0119 endorfina, kt\u00f3ra eliminuje go niemal ca\u0142kowicie, poprawiaj\u0105c jednocze\u015bnie samopoczucie i znosz\u0105c napi\u0119cie.<\/p>\n<p style=\"text-align: justify;\">Przyczyn autoagresji mo\u017ce by\u0107 wiele. Jednak postawienie jednoznacznej odpowiedzi na pytanie , co powoduje t\u0119 nieposkromion\u0105 ch\u0119\u0107 dokonania uszkodze\u0144 nie jest proste. Iskr\u0105 zapaln\u0105 dla m\u0142odego cz\u0142owieka do uszkodzenia w\u0142asnego cia\u0142a mo\u017ce by\u0107 jakie\u015b trudne, traumatyczne prze\u017cycie, np. rozw\u00f3d rodzic\u00f3w, k\u0142\u00f3tnia z blisk\u0105 osob\u0105, rozstanie z\u00a0ch\u0142opakiem\/dziewczyn\u0105, wy\u015bmiewanie przez r\u00f3wie\u015bnik\u00f3w, konflikt z\u00a0rodzicami, problemy w nauce czy inne niepowodzenie w \u017cyciu prywatnym, uraz z\u00a0dzieci\u0144stwa, depresja, niska samoocena. Gimnazjum to czas, gdy najwi\u0119kszym autorytetem dla nastolatka staje si\u0119 jego r\u00f3wie\u015bnik i z samookaleczeniem zaczyna eksperymentowa\u0107 m\u0142odzie\u017c, kt\u00f3ra chce zaimponowa\u0107 innym, aby o niej m\u00f3wiono w\u00a0szkole. W dobie smartfonizacji wyst\u0119puje coraz wi\u0119kszy deficyt w budowaniu prawdziwych wi\u0119zi mi\u0119dzyludzkich.<\/p>\n<p style=\"text-align: justify;\">Jak rozmawia\u0107 z nastolatkiem o jego niepokoj\u0105cych zachowaniach? Jednego z\u0142otego \u015brodka nie ma. Ka\u017cdy nastolatek jest inny, inne te\u017c mog\u0105 by\u0107 u ka\u017cdego z nich \u017ar\u00f3d\u0142a problemu. Z tego powodu konieczna jest rozmowa z dzieckiem, przyj\u0119cie postawy cierpliwego i aktywnego s\u0142uchacza, a potem podj\u0119cie decyzji o\u00a0skorzystaniu z konkretnej pomocy i nie zniech\u0119canie si\u0119 nawet, gdy nie uda si\u0119 na pocz\u0105tku zbyt wiele zdzia\u0142a\u0107. W\u00a0przypadku regularnego i \u015bwiadomego kaleczenia si\u0119 przez dziecko zachodzi potrzeba terapeutycznego wsparcia, gdy\u017c pomimo, \u017ce dziecko chcia\u0142oby zerwa\u0107 takimi praktykami, nie potrafi sobie z tym problemem poradzi\u0107. Trzeba w\u00f3wczas uda\u0107 si\u0119 z nim do specjalisty. U\u00a0pedagoga i psychologa szkolnego mo\u017cna uzyska\u0107 informacje o pomocy specjalistycznej w\u00a0instytucjach na\u00a0terenie O\u015bwi\u0119cimia, kt\u00f3re udziel\u0105 fachowego wsparcia.<\/p>\n<p style=\"text-align: right;\">opracowanie: Danuta Mitoraj<\/p>\n","protected":false},"excerpt":{"rendered":"<p>Trudno szuka\u0107 oficjalnych danych, ilu uczni\u00f3w dokonuje samookalecze\u0144. Szpitalne oddzia\u0142y psychiatryczne ich nie maj\u0105, bo trafiaj\u0105 do nich dzieci po pr\u00f3bach samob\u00f3jczych, a\u00a0nie te z p\u0142ytkimi ranami na ciele. Okaleczanie siebie nie jest nowym problemem, istnieje od dwudziestu lat. Psychologowie alarmuj\u0105, \u017ce w ostatnich latach przybiera na sile. W takim&#8230;<\/p>\n<p class=\"continue-reading-button\"> <a class=\"continue-reading-link\" href=\"https:\/\/sp7oswiecim.edu.pl\/?page_id=3594\">Czytaj dalej<i class=\"crycon-right-dir\"><\/i><\/a><\/p>\n","protected":false},"author":2,"featured_media":0,"parent":0,"menu_order":0,"comment_status":"closed","ping_status":"closed","template":"","meta":{"footnotes":""},"class_list":["post-3594","page","type-page","status-publish","hentry"],"_links":{"self":[{"href":"https:\/\/sp7oswiecim.edu.pl\/index.php?rest_route=\/wp\/v2\/pages\/3594","targetHints":{"allow":["GET"]}}],"collection":[{"href":"https:\/\/sp7oswiecim.edu.pl\/index.php?rest_route=\/wp\/v2\/pages"}],"about":[{"href":"https:\/\/sp7oswiecim.edu.pl\/index.php?rest_route=\/wp\/v2\/types\/page"}],"author":[{"embeddable":true,"href":"https:\/\/sp7oswiecim.edu.pl\/index.php?rest_route=\/wp\/v2\/users\/2"}],"replies":[{"embeddable":true,"href":"https:\/\/sp7oswiecim.edu.pl\/index.php?rest_route=%2Fwp%2Fv2%2Fcomments&post=3594"}],"version-history":[{"count":0,"href":"https:\/\/sp7oswiecim.edu.pl\/index.php?rest_route=\/wp\/v2\/pages\/3594\/revisions"}],"wp:attachment":[{"href":"https:\/\/sp7oswiecim.edu.pl\/index.php?rest_route=%2Fwp%2Fv2%2Fmedia&parent=3594"}],"curies":[{"name":"wp","href":"https:\/\/api.w.org\/{rel}","templated":true}]}}