{"id":2364,"date":"2015-01-23T09:58:29","date_gmt":"2015-01-23T08:58:29","guid":{"rendered":"https:\/\/sp7oswiecim.edu.pl\/?page_id=2364"},"modified":"2018-09-12T17:01:33","modified_gmt":"2018-09-12T17:01:33","slug":"dostep-do-dziennika-elektronicznego","status":"publish","type":"page","link":"https:\/\/sp7oswiecim.edu.pl\/?page_id=2364","title":{"rendered":"Dost\u0119p do dziennika elektronicznego"},"content":{"rendered":"<p>W szkole zosta\u0142 wprowadzony nowy dziennik elektroniczny dost\u0119pny bezp\u0142atnie dla uczni\u00f3w i rodzic\u00f3w.<\/p>\n<p>Dost\u0119p do strony logowania: <a href=\"https:\/\/sp7oswiecim.mobidziennik.pl\/dziennik\/\">https:\/\/sp7oswiecim.mobidziennik.pl\/dziennik\/<\/a><\/p>\n<p>Wszelkie informacje na temat nowego dziennika elektronicznego zostan\u0105 udzielone podczas zebra\u0144 z Rodzicami.<\/p>\n","protected":false},"excerpt":{"rendered":"<p>W szkole zosta\u0142 wprowadzony nowy dziennik elektroniczny dost\u0119pny bezp\u0142atnie dla uczni\u00f3w i rodzic\u00f3w. Dost\u0119p do strony logowania: https:\/\/sp7oswiecim.mobidziennik.pl\/dziennik\/ Wszelkie informacje na temat nowego dziennika elektronicznego zostan\u0105 udzielone podczas zebra\u0144 z Rodzicami.<\/p>\n<p class=\"continue-reading-button\"> <a class=\"continue-reading-link\" href=\"https:\/\/sp7oswiecim.edu.pl\/?page_id=2364\">Czytaj dalej<i class=\"crycon-right-dir\"><\/i><\/a><\/p>\n","protected":false},"author":2,"featured_media":0,"parent":0,"menu_order":0,"comment_status":"closed","ping_status":"closed","template":"","meta":{"footnotes":""},"class_list":["post-2364","page","type-page","status-publish","hentry"],"_links":{"self":[{"href":"https:\/\/sp7oswiecim.edu.pl\/index.php?rest_route=\/wp\/v2\/pages\/2364","targetHints":{"allow":["GET"]}}],"collection":[{"href":"https:\/\/sp7oswiecim.edu.pl\/index.php?rest_route=\/wp\/v2\/pages"}],"about":[{"href":"https:\/\/sp7oswiecim.edu.pl\/index.php?rest_route=\/wp\/v2\/types\/page"}],"author":[{"embeddable":true,"href":"https:\/\/sp7oswiecim.edu.pl\/index.php?rest_route=\/wp\/v2\/users\/2"}],"replies":[{"embeddable":true,"href":"https:\/\/sp7oswiecim.edu.pl\/index.php?rest_route=%2Fwp%2Fv2%2Fcomments&post=2364"}],"version-history":[{"count":2,"href":"https:\/\/sp7oswiecim.edu.pl\/index.php?rest_route=\/wp\/v2\/pages\/2364\/revisions"}],"predecessor-version":[{"id":7130,"href":"https:\/\/sp7oswiecim.edu.pl\/index.php?rest_route=\/wp\/v2\/pages\/2364\/revisions\/7130"}],"wp:attachment":[{"href":"https:\/\/sp7oswiecim.edu.pl\/index.php?rest_route=%2Fwp%2Fv2%2Fmedia&parent=2364"}],"curies":[{"name":"wp","href":"https:\/\/api.w.org\/{rel}","templated":true}]}}