{"id":2351,"date":"2015-01-22T14:58:39","date_gmt":"2015-01-22T13:58:39","guid":{"rendered":"https:\/\/sp7oswiecim.edu.pl\/?page_id=2351"},"modified":"2026-03-04T08:46:22","modified_gmt":"2026-03-04T08:46:22","slug":"terminarz-spotkan-z-rodzicami-i-konsultacji","status":"publish","type":"page","link":"https:\/\/sp7oswiecim.edu.pl\/?page_id=2351","title":{"rendered":"Terminarz spotka\u0144 z rodzicami i konsultacji"},"content":{"rendered":"<p>&nbsp;<\/p>\n<table style=\"height: 1401px;\">\n<tbody>\n<tr>\n<td colspan=\"2\" width=\"614\">\n<p class=\"clean alert\" style=\"text-align: center;\"><span style=\"color: #ff0000;\"><strong>Terminarz spotka\u0144 z rodzicami i konsultacji w roku szkolnym 2025\/2026<\/strong><\/span><\/p>\n<\/td>\n<\/tr>\n<tr>\n<td colspan=\"2\" width=\"614\">\n<p class=\"clean alert\" style=\"text-align: center;\"><strong>Zebrania z Rodzicami<\/strong><\/p>\n<\/td>\n<\/tr>\n<tr>\n<td width=\"208\">\n<p class=\"clean alert\"><strong>11 wrze\u015bnia 2025r.<\/strong><\/p>\n<p class=\"clean alert\">godz. 16.30<\/p>\n<\/td>\n<td width=\"406\">\n<p class=\"clean alert\">Wybory do Rady Rodzic\u00f3w. Programy nauczania, zasady oceniania, realizacja obowi\u0105zku szkolnego, wsparcie psychologiczno-pedagogiczne.<\/p>\n<\/td>\n<\/tr>\n<tr>\n<td width=\"208\">\n<p class=\"clean alert\"><strong>19 lutego 2026r.<\/strong><\/p>\n<p class=\"clean alert\">godz. 16.30<\/p>\n<\/td>\n<td width=\"406\">\n<p class=\"clean alert\">Podsumowanie efekt\u00f3w nauczania, zachowania i frekwencji<br \/>\nw pierwszym okresie.<\/p>\n<\/td>\n<\/tr>\n<tr>\n<td width=\"208\"><strong>16.04.2026r.<\/strong><\/p>\n<p>g. 16- 17.00<\/td>\n<td width=\"206\"><strong>Konsultacje og\u00f3lnoszkolne<\/strong><\/td>\n<\/tr>\n<\/tbody>\n<\/table>\n","protected":false},"excerpt":{"rendered":"<p>&nbsp; Terminarz spotka\u0144 z rodzicami i konsultacji w roku szkolnym 2025\/2026 Zebrania z Rodzicami 11 wrze\u015bnia 2025r. godz. 16.30 Wybory do Rady Rodzic\u00f3w. Programy nauczania, zasady oceniania, realizacja obowi\u0105zku szkolnego, wsparcie psychologiczno-pedagogiczne. 19 lutego 2026r. godz. 16.30 Podsumowanie efekt\u00f3w nauczania, zachowania i frekwencji w pierwszym okresie. 16.04.2026r. g. 16- 17.00&#8230;<\/p>\n<p class=\"continue-reading-button\"> <a class=\"continue-reading-link\" href=\"https:\/\/sp7oswiecim.edu.pl\/?page_id=2351\">Czytaj dalej<i class=\"crycon-right-dir\"><\/i><\/a><\/p>\n","protected":false},"author":2,"featured_media":0,"parent":0,"menu_order":0,"comment_status":"closed","ping_status":"closed","template":"","meta":{"footnotes":""},"class_list":["post-2351","page","type-page","status-publish","hentry"],"_links":{"self":[{"href":"https:\/\/sp7oswiecim.edu.pl\/index.php?rest_route=\/wp\/v2\/pages\/2351","targetHints":{"allow":["GET"]}}],"collection":[{"href":"https:\/\/sp7oswiecim.edu.pl\/index.php?rest_route=\/wp\/v2\/pages"}],"about":[{"href":"https:\/\/sp7oswiecim.edu.pl\/index.php?rest_route=\/wp\/v2\/types\/page"}],"author":[{"embeddable":true,"href":"https:\/\/sp7oswiecim.edu.pl\/index.php?rest_route=\/wp\/v2\/users\/2"}],"replies":[{"embeddable":true,"href":"https:\/\/sp7oswiecim.edu.pl\/index.php?rest_route=%2Fwp%2Fv2%2Fcomments&post=2351"}],"version-history":[{"count":16,"href":"https:\/\/sp7oswiecim.edu.pl\/index.php?rest_route=\/wp\/v2\/pages\/2351\/revisions"}],"predecessor-version":[{"id":23963,"href":"https:\/\/sp7oswiecim.edu.pl\/index.php?rest_route=\/wp\/v2\/pages\/2351\/revisions\/23963"}],"wp:attachment":[{"href":"https:\/\/sp7oswiecim.edu.pl\/index.php?rest_route=%2Fwp%2Fv2%2Fmedia&parent=2351"}],"curies":[{"name":"wp","href":"https:\/\/api.w.org\/{rel}","templated":true}]}}