{"id":15468,"date":"2023-03-21T10:49:57","date_gmt":"2023-03-21T10:49:57","guid":{"rendered":"https:\/\/sp7oswiecim.edu.pl\/?page_id=15468"},"modified":"2023-03-21T10:50:54","modified_gmt":"2023-03-21T10:50:54","slug":"zadania-pedagoga-psychologa-szkolnego","status":"publish","type":"page","link":"https:\/\/sp7oswiecim.edu.pl\/?page_id=15468","title":{"rendered":"ZADANIA PEDAGOGA\/ PSYCHOLOGA SZKOLNEGO"},"content":{"rendered":"<p>Zgodnie z paragrafem 24 Rozporz\u0105dzenia Ministra Edukacji Narodowej z dnia 9\u00a0sierpnia 2017 r. w sprawie zasad organizacji i udzielania pomocy psychologiczno-pedagogicznej w publicznych przedszkolach, szko\u0142ach i plac\u00f3wkach<em>\u00a0do zada\u0144 pedagoga i\u00a0psychologa\u00a0w przedszkolu, szkole i plac\u00f3wce nale\u017cy w szczeg\u00f3lno\u015bci:<\/em><\/p>\n<ul>\n<li><em>prowadzenie bada\u0144 i dzia\u0142a\u0144 diagnostycznych uczni\u00f3w, w tym diagnozowanie indywidualnych potrzeb rozwojowych i edukacyjnych oraz mo\u017cliwo\u015bci psychofizycznych uczni\u00f3w w celu okre\u015blenia mocnych stron, predyspozycji, zainteresowa\u0144 i uzdolnie\u0144 uczni\u00f3w oraz przyczyn niepowodze\u0144 edukacyjnych lub trudno\u015bci w funkcjonowaniu uczni\u00f3w, w tym barier i ogranicze\u0144 utrudniaj\u0105cych funkcjonowanie ucznia i jego uczestnictwo w \u017cyciu przedszkola, szko\u0142y i plac\u00f3wki;<\/em><\/li>\n<li><em>diagnozowanie sytuacji wychowawczych w przedszkolu, szkole lub plac\u00f3wce w celu rozwi\u0105zywania problem\u00f3w wychowawczych stanowi\u0105cych barier\u0119 i ograniczaj\u0105cych aktywne i pe\u0142ne uczestnictwo ucznia w \u017cyciu przedszkola, szko\u0142y i plac\u00f3wki;<\/em><\/li>\n<li><em>udzielanie uczniom pomocy psychologiczno-pedagogicznej w formach odpowiednich do rozpoznanych potrzeb;<\/em><\/li>\n<li><em>podejmowanie dzia\u0142a\u0144 z zakresu profilaktyki uzale\u017cnie\u0144 i innych problem\u00f3w dzieci<\/em><em><br \/>\n<\/em><em>i m\u0142odzie\u017cy;<\/em><\/li>\n<li><em>minimalizowanie skutk\u00f3w zaburze\u0144 rozwojowych, zapobieganie zaburzeniom zachowania oraz inicjowanie r\u00f3\u017cnych form pomocy w \u015brodowisku przedszkolnym, szkolnym<\/em> <em>i\u00a0pozaszkolnym uczni\u00f3w;<\/em><\/li>\n<li><em>inicjowanie i prowadzenie dzia\u0142a\u0144 mediacyjnych i interwencyjnych w sytuacjach kryzysowych;<\/em><\/li>\n<li><em>pomoc rodzicom i nauczycielom w rozpoznawaniu i rozwijaniu indywidualnych mo\u017cliwo\u015bci, predyspozycji i uzdolnie\u0144 uczni\u00f3w;<\/em><\/li>\n<li><em>wspieranie nauczycieli, wychowawc\u00f3w grup wychowawczych i innych specjalist\u00f3w w:<\/em>\n<ol>\n<li><em>rozpoznawaniu indywidualnych potrzeb rozwojowych i edukacyjnych oraz mo\u017cliwo\u015bci psychofizycznych uczni\u00f3w w celu okre\u015blenia mocnych stron, predyspozycji, zainteresowa\u0144 i\u00a0uzdolnie\u0144 uczni\u00f3w oraz przyczyn niepowodze\u0144 edukacyjnych lub trudno\u015bci w\u00a0funkcjonowaniu uczni\u00f3w, w tym barier i ogranicze\u0144 utrudniaj\u0105cych funkcjonowanie ucznia\u00a0 i\u00a0jego uczestnictwo w \u017cyciu przedszkola, szko\u0142y i plac\u00f3wki,<\/em><\/li>\n<li><em>udzielaniu pomocy psychologiczno-pedagogicznej.<\/em><\/li>\n<\/ol>\n<\/li>\n<\/ul>\n<p>Zgodnie z w\/w zapisem w ramach wykonywania swoich obowi\u0105zk\u00f3w nauczyciel\u2013 pedagog\/ psycholog szkolny mo\u017ce rozmawia\u0107 z uczniem, a rodzic nie musi wyra\u017ca\u0107 dodatkowej zgody.<\/p>\n<p>Pedagog\/psycholog szkolny ma obowi\u0105zek diagnozowania indywidualnych potrzeb uczni\u00f3w, wspierania ich rozwoju oraz reagowania w sytuacjach problemowych.<br \/>\nDopiero w sytuacji, gdy pedagog\/ psycholog uzna, \u017ce potrzebna jest kompleksowa pomoc psychologiczno-pedagogiczna, np. w postaci cyklicznych zaj\u0119\u0107 z uczniem, to b\u0119dzie potrzebowa\u0142 zgody rodzic\u00f3w na obj\u0119cie ucznia opiek\u0105. Pedagog\/ psycholog nie ma jednak obowi\u0105zku informowania ich o dzia\u0142aniach diagnostycznych, w tym o rozmowie z uczniem.<br \/>\nPod tym wzgl\u0119dem pedagog\/ psycholog szkolny nie jest inaczej traktowany ni\u017c pozostali nauczyciele, w tym wychowawca. Jednym z zada\u0144 pedagoga\/ psychologa jest rozpoznawanie indywidualnych potrzeb ucznia oraz analizowanie przyczyn niepowodze\u0144 szkolnych. Rozmowa pedagoga\/psychologa z uczniem mo\u017ce s\u0142u\u017cy\u0107 realizacji tego zadania.<\/p>\n","protected":false},"excerpt":{"rendered":"<p>Zgodnie z paragrafem 24 Rozporz\u0105dzenia Ministra Edukacji Narodowej z dnia 9\u00a0sierpnia 2017 r. w sprawie zasad organizacji i udzielania pomocy psychologiczno-pedagogicznej w publicznych przedszkolach, szko\u0142ach i plac\u00f3wkach\u00a0do zada\u0144 pedagoga i\u00a0psychologa\u00a0w przedszkolu, szkole i plac\u00f3wce nale\u017cy w szczeg\u00f3lno\u015bci: prowadzenie bada\u0144 i dzia\u0142a\u0144 diagnostycznych uczni\u00f3w, w tym diagnozowanie indywidualnych potrzeb rozwojowych i&#8230;<\/p>\n<p class=\"continue-reading-button\"> <a class=\"continue-reading-link\" href=\"https:\/\/sp7oswiecim.edu.pl\/?page_id=15468\">Czytaj dalej<i class=\"crycon-right-dir\"><\/i><\/a><\/p>\n","protected":false},"author":1,"featured_media":0,"parent":142,"menu_order":0,"comment_status":"closed","ping_status":"closed","template":"","meta":{"footnotes":""},"class_list":["post-15468","page","type-page","status-publish","hentry"],"_links":{"self":[{"href":"https:\/\/sp7oswiecim.edu.pl\/index.php?rest_route=\/wp\/v2\/pages\/15468","targetHints":{"allow":["GET"]}}],"collection":[{"href":"https:\/\/sp7oswiecim.edu.pl\/index.php?rest_route=\/wp\/v2\/pages"}],"about":[{"href":"https:\/\/sp7oswiecim.edu.pl\/index.php?rest_route=\/wp\/v2\/types\/page"}],"author":[{"embeddable":true,"href":"https:\/\/sp7oswiecim.edu.pl\/index.php?rest_route=\/wp\/v2\/users\/1"}],"replies":[{"embeddable":true,"href":"https:\/\/sp7oswiecim.edu.pl\/index.php?rest_route=%2Fwp%2Fv2%2Fcomments&post=15468"}],"version-history":[{"count":2,"href":"https:\/\/sp7oswiecim.edu.pl\/index.php?rest_route=\/wp\/v2\/pages\/15468\/revisions"}],"predecessor-version":[{"id":15470,"href":"https:\/\/sp7oswiecim.edu.pl\/index.php?rest_route=\/wp\/v2\/pages\/15468\/revisions\/15470"}],"up":[{"embeddable":true,"href":"https:\/\/sp7oswiecim.edu.pl\/index.php?rest_route=\/wp\/v2\/pages\/142"}],"wp:attachment":[{"href":"https:\/\/sp7oswiecim.edu.pl\/index.php?rest_route=%2Fwp%2Fv2%2Fmedia&parent=15468"}],"curies":[{"name":"wp","href":"https:\/\/api.w.org\/{rel}","templated":true}]}}