{"id":1291,"date":"2014-04-30T10:51:31","date_gmt":"2014-04-30T08:51:31","guid":{"rendered":"http:\/\/www.mg4.nstrefa.pl\/wp-content\/uploads\/2014\/04\/2.jpg"},"modified":"2014-04-30T10:51:31","modified_gmt":"2014-04-30T08:51:31","slug":"2-3","status":"inherit","type":"attachment","link":"https:\/\/sp7oswiecim.edu.pl\/?attachment_id=1291","title":{"rendered":"1b"},"author":1,"featured_media":0,"comment_status":"closed","ping_status":"closed","template":"","meta":[],"class_list":["post-1291","attachment","type-attachment","status-inherit","hentry"],"description":{"rendered":"<p class=\"attachment\"><a href='https:\/\/sp7oswiecim.edu.pl\/wp-content\/uploads\/2014\/04\/2.jpg'><img loading=\"lazy\" decoding=\"async\" width=\"300\" height=\"169\" src=\"https:\/\/sp7oswiecim.edu.pl\/wp-content\/uploads\/2014\/04\/2-300x169.jpg\" class=\"attachment-medium size-medium\" alt=\"1b\" srcset=\"https:\/\/sp7oswiecim.edu.pl\/wp-content\/uploads\/2014\/04\/2-300x169.jpg 300w, https:\/\/sp7oswiecim.edu.pl\/wp-content\/uploads\/2014\/04\/2-768x431.jpg 768w, https:\/\/sp7oswiecim.edu.pl\/wp-content\/uploads\/2014\/04\/2.jpg 922w\" sizes=\"auto, (max-width: 300px) 100vw, 300px\" \/><\/a><\/p>\n"},"caption":{"rendered":"<p>Od lewej: Micha\u0142 \u0141abaj, Kamil Bok, Patryk Korczyk, Adrian Zajas, Andrzej M\u0105czka, Sylwester Kocy\u0142a, Dorota Czech.<\/p>\n<p class=\"continue-reading-button\"> <a class=\"continue-reading-link\" href=\"https:\/\/sp7oswiecim.edu.pl\/?attachment_id=1291\">Czytaj dalej<i class=\"crycon-right-dir\"><\/i><\/a><\/p>\n"},"alt_text":"1b","media_type":"image","mime_type":"image\/jpeg","media_details":{"width":922,"height":518,"file":"2014\/04\/2.jpg","sizes":{"thumbnail":{"file":"2-150x150.jpg","width":150,"height":150,"mime_type":"image\/jpeg","source_url":"https:\/\/sp7oswiecim.edu.pl\/wp-content\/uploads\/2014\/04\/2-150x150.jpg"},"medium":{"file":"2-300x169.jpg","width":300,"height":169,"mime_type":"image\/jpeg","source_url":"https:\/\/sp7oswiecim.edu.pl\/wp-content\/uploads\/2014\/04\/2-300x169.jpg"},"medium_large":{"file":"2-768x431.jpg","width":768,"height":431,"mime_type":"image\/jpeg","source_url":"https:\/\/sp7oswiecim.edu.pl\/wp-content\/uploads\/2014\/04\/2-768x431.jpg"},"twentyseventeen-thumbnail-avatar":{"file":"2-100x100.jpg","width":100,"height":100,"mime_type":"image\/jpeg","source_url":"https:\/\/sp7oswiecim.edu.pl\/wp-content\/uploads\/2014\/04\/2-100x100.jpg"},"full":{"file":"2.jpg","width":922,"height":518,"mime_type":"image\/jpeg","source_url":"https:\/\/sp7oswiecim.edu.pl\/wp-content\/uploads\/2014\/04\/2.jpg"}},"image_meta":{"aperture":"3.6","credit":"","camera":"FinePix S4800","caption":"","created_timestamp":"1390271566","copyright":"","focal_length":"5.8","iso":"400","shutter_speed":"0.01","title":"","orientation":"1","keywords":[]}},"post":null,"source_url":"https:\/\/sp7oswiecim.edu.pl\/wp-content\/uploads\/2014\/04\/2.jpg","_links":{"self":[{"href":"https:\/\/sp7oswiecim.edu.pl\/index.php?rest_route=\/wp\/v2\/media\/1291","targetHints":{"allow":["GET"]}}],"collection":[{"href":"https:\/\/sp7oswiecim.edu.pl\/index.php?rest_route=\/wp\/v2\/media"}],"about":[{"href":"https:\/\/sp7oswiecim.edu.pl\/index.php?rest_route=\/wp\/v2\/types\/attachment"}],"author":[{"embeddable":true,"href":"https:\/\/sp7oswiecim.edu.pl\/index.php?rest_route=\/wp\/v2\/users\/1"}],"replies":[{"embeddable":true,"href":"https:\/\/sp7oswiecim.edu.pl\/index.php?rest_route=%2Fwp%2Fv2%2Fcomments&post=1291"}]}}

<p>Od lewej: Michał Łabaj, Kamil Bok, Patryk Korczyk, Adrian Zajas, Andrzej Mączka, Sylwester Kocyła, Dorota Czech.</p>
<p class="continue-reading-button"> <a class="continue-reading-link" href="https://sp7oswiecim.edu.pl/?attachment_id=1291">Czytaj dalej<i class="crycon-right-dir"></i></a></p>
